*q**2 - 1739*q - 7. Give m(-6).
-49
Let c(g) = -10*g - 514. Determine c(-44).
-74
Let f(u) = -107*u + 11466. What is f(107)?
17
Let n(y) = -2*y**3 - 49*y**2 + 36*y + 253. What is n(-25)?
-22
Let o(j) = 793*j + 7933. What is o(-10)?
3
Let f(s) = 240*s + 2327. Determine f(-9).
167
Let i(h) = -h**2 - 40*h + 137. Determine i(3).
8
Let x(n) = -n**2 + 752*n + 85206. Determine x(-100).
6
Let i(n) = 1279*n - 92077. What is i(72)?
11
Let m(j) = 4539*j - 13604. Determine m(3).
13
Let v(m) = -m**2 - 15*m - 39. Give v(-12).
-3
Let u(t) = -t**2 + 15*t + 54. Determine u(13).
80
Let k(d) = 15*d**2 - 38*d + 121. What is k(6)?
433
Let j(f) = f**3 + 166*f**2 + 1694*f - 27. Determine j(-11).
94
Let o(c) = 34*c**3 - 2*c**2 + 19*c + 31. Determine o(-2).
-287
Let l(j) = -4*j**2 + 65*j + 2211. Determine l(33).
0
Let d(w) = -91*w**2 + 10*w - 3. Calculate d(1).
-84
Let n(l) = -2*l**2 + 58*l - 57. Calculate n(18).
339
Let r(m) = 22*m**2 + 531*m + 567. Determine r(-23).
-8
Let f(o) = -10*o + 138. Give f(11).
28
Let g(n) = -374*n + 4135. Give g(11).
21
Let h(i) = 63*i**2 - 764*i + 23. What is h(12)?
-73
Let y(u) = 31*u + 350. Calculate y(-15).
-115
Let j(d) = -82*d - 899. Determine j(-11).
3
Let f(d) = -2*d**3 + 20*d**2 + 839*d + 43. What is f(-16)?
-69
Let q(n) = 962*n + 969. Calculate q(-1).
7
Let c(g) = -g**2 + 27*g + 92. Give c(27).
92
Let g(b) = -b**3 + 7*b**2 + 25*b - 189. Calculate g(6).
-3
Let p(f) = -f**3 - 37*f**2 - 106*f + 101. Determine p(-33).
-757
Let z(c) = 2*c**2 + 12*c - 52. Calculate z(-13).
130
Let s(d) = d**2 + 110*d + 111. Give s(-1).
2
Let h(z) = -z**2 + 141*z - 1087. Calculate h(133).
-23
Let n(s) = -212*s - 1110. Determine n(-4).
-262
Let l(q) = 2*q**3 - 33*q**2 + 17*q + 5. Determine l(16).
21
Let d(i) = -i**3 + 78*i**2 - 500*i + 15. Give d(7).
-6
Let c(j) = j**2 - 19*j - 29. Give c(9).
-119
Let a(s) = s**3 - 2*s**2 - 21*s - 201. What is a(0)?
-201
Let k(p) = -2*p**3 + 84*p**2 - 6*p + 265. What is k(42)?
13
Let g(r) = -2*r**3 - 58*r**2 - 40*r + 450. What is g(-28)?
2
Let d(k) = 30*k**2 - 612*k - 69. What is d(20)?
-309
Let s(z) = 2*z**3 + 41*z**2 - 31*z - 209. Give s(-21).
1
Let w(v) = 95*v + 127. What is w(-3)?
-158
Let m(u) = 2*u**2 - 41*u - 8. Give m(21).
13
Let b(s) = -63*s - 3187. Calculate b(-51).
26
Let n(g) = g**2 - 45*g + 310. What is n(9)?
-14
Let u(w) = w**2 - 62*w + 485. What is u(52)?
-35
Let w(c) = -82*c - 2045. Determine w(-25).
5
Let c(u) = 87*u - 212. Calculate c(2).
-38
Let l(i) = -33*i + 830. Calculate l(25).
5
Let y(z) = -26*z - 1302. Determine y(-60).
258
Let a(s) = 4*s**2 + 188*s + 356. What is a(-45)?
-4
Let r(x) = -x**3 + 29*x**2 - 97*x - 51. Determine r(25).
24
Let t(k) = -k**3 + 8*k**2 - 6*k - 8. Give t(5).
37
Let h(k) = 599*k + 27557. What is h(-46)?
3
Let m(l) = -8*l**2 + 464*l + 240. What is m(59)?
-232
Let h(b) = -2*b**3 + 3*b**2 + 13*b - 1. Determine h(-3).
41
Let i(l) = l**3 - 32*l**2 + 243*l - 43. Give i(12).
-7
Let b(h) = -h**3 + 19*h**2 + 34*h + 209. What is b(21)?
41
Let c(w) = 4*w**3 - 40*w**2 + 66*w + 72. What is c(7)?
-54
Let p(o) = 296*o - 7167. What is p(24)?
-63
Let p(z) = -60*z - 467. Give p(-8).
13
Let q(k) = 10*k**2 - 171*k - 576. Determine q(20).
4
Let k(a) = -a**3 + 25*a**2 - 31. Calculate k(25).
-31
Let w(z) = -7*z**3 + 513*z**2 - 143*z - 227. Determine w(73).
-8
Let v(d) = -78*d - 7568. What is v(-97)?
-2
Let w(n) = 62*n - 510. Give w(7).
-76
Let a(i) = -i**2 - 37*i + 71. Determine a(-40).
-49
Let z(q) = -7*q**2 + 190*q - 20. Determine z(27).
7
Let z(x) = -x**3 + 14*x**2 - 12*x + 66. Determine z(11).
297
Let p(b) = -24*b**2 + 7125*b + 8047. Calculate p(298).
1
Let f(c) = -c**3 - 70*c**2 + 379*c + 300. What is f(-75)?
0
Let w(u) = u**3 - 31*u**2 + 131*u - 176. Determine w(26).
-150
Let j(l) = l**3 + 18*l**2 - 12*l - 64. Calculate j(-19).
-197
Let f(s) = 27*s - 618. Calculate f(-8).
-834
Let m(q) = 2*q**2 + 226*q + 3433. What is m(-18)?
13
Let q(z) = 3*z**2 + 206*z + 3432. What is q(-28)?
16
Let n(m) = -m**2 - 211*m + 1347. Determine n(6).
45
Let u(r) = -3333*r - 39998. Give u(-12).
-2
Let x(q) = -q**2 - 12*q - 11. Give x(-3).
16
Let r(c) = c**2 + 16*c - 26. Give r(-15).
-41
Let n(q) = -3*q**2 - 3*q + 56. What is n(4)?
-4
Let d(f) = -2*f**3 + 38*f**2 - 120*f + 21. What is d(3)?
-51
Let v(f) = 2*f**3 - 10*f**2 - 74*f - 18. Calculate v(9).
-36
Let k(f) = 16*f - 29. What is k(-3)?
-77
Let x(v) = -22155*v + 132924. Calculate x(6).
-6
Let j(a) = -a**2 - 12*a - 21. Determine j(-7).
14
Let n(h) = -h**2 - 12*h - 16. Determine n(14).
-380
Let r(h) = h**3 - 39*h**2 + 75*h - 10. Calculate r(37).
27
Let m(s) = s**2 + 14*s + 29. Give m(-7).
-20
Let z(q) = 50*q**2 + 4*q + 6. What is z(-1)?
52
Let n(y) = -2131*y + 21412. What is n(10)?
102
Let m(a) = -513*a + 5583. Calculate m(11).
-60
Let t(b) = -b**3 - 47*b**2 - 38*b + 426. Calculate t(-46).
58
Let x(i) = -48*i + 6. What is x(0)?
6
Let y(j) = -3*j**3 - 29*j**2 + 294*j + 5. What is y(-16)?
165
Let d(v) = -v**3 + 61*v**2 - 772*v - 80. Determine d(43).
6
Let f(t) = t**2 - 16*t - 75. What is f(19)?
-18
Let w(q) = -2*q**3 - 417*q**2 + 6474*q + 1558. Give w(-223).
-3
Let b(p) = 599*p + 75488. Calculate b(-126).
14
Let n(s) = 83*s + 3989. Determine n(-48).
5
Let w(j) = 85*j + 523. What is w(-9)?
-242
Let a(b) = 4*b**3 - 4*b**2 - 708*b + 2120. Determine a(3).
68
Let g(i) = 7*i**2 - 18*i - 4. What is g(2)?
-12
Let i(o) = o**2 - 29*o + 150. Calculate i(23).
12
Let x(f) = f**3 - 3*f**2 + 9*f - 2. What is x(7)?
257
Let i(n) = 6773*n + 6775. Calculate i(-1).
2
Let c(j) = -2*j**2 + 234*j - 2953. What is c(103)?
-69
Let f(s) = 17*s**2 + 63*s - 12. What is f(-7)?
380
Let v(i) = i**2 + 29*i - 13. Determine v(0).
-13
Let x(o) = -214*o - 218. What is x(-1)?
-4
Let s(h) = 2*h**2 - 237*h - 7690. Calculate s(145).
-5
Let u(p) = -7*p**2 + 19*p + 84. What is u(5)?
4
Let z(w) = -w**2 + 118*w - 462. Determine z(114).
-6
Let c(m) = -m**3 - 10*m**2 - 63*m - 382. What is c(-8)?
-6
Let i(s) = -28*s + 2405. Give i(86).
-3
Let c(o) = -638*o + 659. Give c(1).
21
Let v(c) = -c**2 - 19*c - 86. Calculate v(-9).
4
Let m(o) = -11*o**2 + 96*o - 9. Give m(9).
-36
Let t(z) = -7*z**3 - 2*z**2 + 71*z - 221. Calculate t(3).
-215
Let j(f) = f**2 + 21*f + 72. Determine j(-15).
-18
Let o(q) = 3*q**3 - q**2 + 11*q - 29. What is o(2)?
13
Let x(a) = a**2 + 16*a - 109. Calculate x(-21).
-4
Let u(x) = -2*x**2 - 154*x + 993. Give u(-83).
-3
Let b(l) = -5*l**2 + 24*l - 38. Calculate b(4).
-22
Let s(c) = 3*c**2 - 21*c + 18. Calculate s(4).
-18
Let z(i) = i**2 + 67*i - 678. Give z(-76).
6
Let v(n) = n**3 - 57*n**2 + 17*n - 36. Give v(57).
933
Let b(p) = -p**3 + 38*p**2 - 161*p + 67. Calculate b(33).
199
Let b(t) = -325*t - 2079. Calculate b(-7).
196
Let h(s) = 347*s - 1780. Give h(5).
-45
Let i(o) = 368*o + 50. Give i(0).
50
Let l(o) = -179*o + 724. Give l(6).
-350
Let k(i) = 28*i + 439. What is k(-16)?
-9
Let n(f) = -50*f**2 - 325*f - 20. What is n(-7)?
-195
Let g(i) = -3*i**3 - 37*i**2 - 13*i - 11. Give g(-12).
1
Let h(u) = 10*u**2 - 1420*u - 2881. What is h(-2)?
-1
Let t(y) = -372*y - 375. Calculate t(-1).
-3
Let s(b) = -2*b**3 - 31*b**2 - 14*b + 20. Determine s(-15).
5
Let p(b) = -22*b - 738. Give p(-32).
-34
Let d(t) = -2*t**2 + 243*t + 1214. What is d(126)?
80
Let r(j) = -32*j + 42. What is r(2)?
-22
Let s(d) = -d - 109. Give s(-53).
-56
Let z(y) = 2*y**2 - 53*y + 10. What is z(27)?
37
Let t(s) = s**3 + 78*s**2 - 163*s + 4. Give t(2).
-2
Let a(d) = 8*d - 87. What is a(11)?
1
Let a(c) = -c**3 + 24*c**2 + 2*c - 153. Give a(23).
422
Let h(q) = 3*q**3 - 185*q**2 + 125*q - 175. Give h(61).
8
Let t(x) = -61*x + 772. Calculate t(13).
-21
Let z(k) = -59*k**2 - 7018*k + 355. Determine z(-119).
-2
Let k(p) = p**3 + p**2 + 6*p + 7. Determine k(-3).
-29
Let q(b) = 25203*b - 201624. Give q(8).
0
Let x(b) = 9*b**2 - 61*b - 9. Calculate x(10).
281
Let v(w) = 231*w**2 - 12*w + 10. What is v(1)?
229
Let d(k) = 2*k**3 + 3*k**2 - 5*k + 31. Calculate d(-5).
-119
Let s(x) = -119*x**2 + 6*x + 7. Give s(-1).
-118
Let s(t) = 6*t**2 + 138*t + 97. Determine s(-22).
-35
Let i(t) = -7*t**2 - 1241*t + 900. Calculate i(-178).
10
Let m(a) = -a**2 + 20*a + 428. What is m(-13)?
-1
Let m(u) = 16*u + 683. Determine m(-40).
43
Let k(h) = 247*h - 677. Give k(2).
-183
Let s(o) = -5*o**2 + 80*o - 35. Calculate s(16).
-35
Let g(f) = -6115*f - 9786